ist the prime factors of k(18).
2, 5, 29
Let j(x) = 58*x**2. Let i = -34 + -2. Let q = 35 + i. What are the prime factors of j(q)?
2, 29
Let w = 21338 - 9424. What are the prime factors of w?
2, 7, 23, 37
Let k = -6063 - -11739. List the prime factors of k.
2, 3, 11, 43
List the prime factors of 7/((-21)/(-119358)) + (-27 - (-1 - 34)).
2, 101, 197
What are the prime factors of (-352)/(-12)*(-1 + 964)?
2, 3, 11, 107
Let r(m) = 17*m - 43. Let c(s) = -8*s + 22. Let j(o) = -5*c(o) - 3*r(o). Let p be j(-6). Suppose -3*w + p = -728. List the prime factors of w.
271
Let l(w) = w**3 - 16*w**2 + 15*w + 52. Let k be l(15). Let n(t) = t**2 + 7*t + 8. Let p be n(-6). Let h = p + k. List the prime factors of h.
2, 3
Let t = 488 - 695. Let m = 442 + t. List the prime factors of m.
5, 47
Suppose -17943 - 14608 = -43*o. What are the prime factors of o?
757
Let c(d) = d**2 + 22*d - 15. Let h = -67 + 44. Let g be c(h). What are the prime factors of (-698)/(-8) - ((-6)/g)/(-3)?
3, 29
Let x(m) = m**3 - 9*m**2 + 4*m - 16. Suppose 9*q - 163 - 17 = 0. Let z = -9 + q. List the prime factors of x(z).
2, 3, 5
Let h(r) = 214*r - 2149. List the prime factors of h(82).
3, 29, 59
Let i(a) = 11*a**2 - 5*a - 6. Let t = 10 - 12. Let w be i(t). Let d = -28 + w. List the prime factors of d.
2, 5
Let x = 42799 - 20970. What are the prime factors of x?
83, 263
Let c(q) = 29*q + 20. Let g be c(-12). Let h = g + 692. What are the prime factors of h?
2, 7, 13
Let m = 136 + -28. Suppose 110*o = m*o + 598. List the prime factors of o.
13, 23
List the prime factors of (88600/6 - (-3 + 0)) + 16/12.
14771
Let z be 24/36 + 5/(-3). Let v(c) be the second derivative of 5*c**4/6 - c**2/2 - 16*c. List the prime factors of v(z).
3
Let f = -5394 - -10480. What are the prime factors of f?
2, 2543
Suppose 0 = 400*v - 429*v + 219298. List the prime factors of v.
2, 19, 199
Let s = -34120 - -103787. What are the prime factors of s?
13, 23, 233
Suppose -4*n + 3*a + 23731 = 0, -n - 4*a + a + 5929 = 0. List the prime factors of n.
2, 1483
Let k(a) = a**3 + 4*a**2 - 3*a + 5. Let n(f) = -2*f + 7. Let p be n(-3). Suppose -1 = -4*t - q + 10, -q - p = -4*t. What are the prime factors of k(t)?
59
Let v(h) = 4*h + 26. Let u be v(0). Let f = u + -24. Suppose f*q + 295 = 7*q. What are the prime factors of q?
59
What are the prime factors of 255231/8 + ((-9225)/(-328) - 28)?
2, 997
Suppose 4*s = y - 8, 4*s - 16 = 4*y - 9*y. Suppose 384 = 6*l - 5*l + 3*p, 0 = -y*l - 3*p + 1509. What are the prime factors of l?
3, 5
Suppose -3*k + 5535 = 31*g - 30*g, 24 = 4*k. List the prime factors of g.
3, 613
Suppose 0 = f - 6*f - 80. Let x be 2 - (-8242)/14 - f/56. Suppose 0 = -2*k + x - 133. What are the prime factors of k?
229
Let r(k) = -16*k**3 + 3*k**2 + 5*k + 12. Suppose 6*x - 5*x = -2*f - 7, -4*x - 5*f = 22. What are the prime factors of r(x)?
2, 3, 19
Let w = 7741 + -4472. List the prime factors of w.
7, 467
Let r(i) = 350*i**2 + 8*i + 5. Let s be r(-3). Suppose 8*p - 4*p = 5*b - 5217, 3*b - 2*p = s. Suppose -5*n + 45 = -b. What are the prime factors of n?
2, 109
Suppose -h + 6341 = 24*n - 22*n, -h = 5*n - 6335. What are the prime factors of h?
3, 5, 47
Let t(c) = c**2 - 20*c - 2. Suppose 6*l + 2*l = -120. What are the prime factors of t(l)?
523
Let k(b) = b**3 - 23*b**2 - 20*b + 26. Let o be k(24). Let j = -14 + o. What are the prime factors of j?
2, 3
Let p(j) = -j**3 - j**2 + j - 17. Let b be 3*-23 + (11 - 13). Let q = b + 65. List the prime factors of p(q).
157
Let a = -3831 - -1676. Let w = -889 - a. List the prime factors of w.
2, 3, 211
Suppose 4*x - 5*s - 20 = 0, -3*s - 6 - 6 = 0. Suppose -4*z + 313 = 5*i, -2*z + 0*z - i + 161 = x. List the prime factors of z.
2, 41
Let y be 3042/(-96)*-4 + (-6)/8. Let t = y - 106. Suppose -t*b - 1062 = -26*b. List the prime factors of b.
3, 59
Suppose 11*s - 3*s - 2*f = 200608, 0 = -5*s + 2*f + 125377. What are the prime factors of s?
3, 13, 643
Let m(y) = 9*y + 16*y - 26*y. Let o(t) = 126*t. Let k(j) = 189*m(j) + o(j). What are the prime factors of k(-2)?
2, 3, 7
What are the prime factors of (-724)/905*(-133845)/2?
2, 3, 8923
Let v = 27097 - 14980. What are the prime factors of v?
3, 7, 577
Let a be 2/5*40/8. Let c(z) = -488*z**a + 14 - 5*z + 978*z**2 - 489*z**2. What are the prime factors of c(10)?
2
Let f be 1/(2/(-1377 + -5)). Let n = f + 1030. What are the prime factors of n?
3, 113
Let r = -17 - -16. Let o be (-3)/18*r + 25/(-6). List the prime factors of (-11)/(-1) + o + 3.
2, 5
Let t be (-11)/((-99)/36) - -1*8. List the prime factors of (t - (-252)/(-24))/(1/644).
2, 3, 7, 23
Let f = -17992 - -20916. List the prime factors of f.
2, 17, 43
Suppose -j = -2*w + 24475 + 32440, j = -5*w + 142284. What are the prime factors of w?
11, 13, 199
Let u = -8564 - -26742. What are the prime factors of u?
2, 61, 149
Let n = 1029 + 3204. List the prime factors of n.
3, 17, 83
Let u(x) = 81*x - 36. Let z = -314 - -320. What are the prime factors of u(z)?
2, 3, 5
Let y = -43 + 49. Suppose 559 = y*c - 419. Suppose -t + 0*f + 2*f + 84 = 0, -2*t + 5*f = -c. List the prime factors of t.
2, 47
Suppose -b + 3*t + 1 = 0, -6*b + 3*t - 11 = -8*b. Suppose -4*o - b*o = -496. List the prime factors of o.
2, 31
Suppose 5*d - 2*h + 117 = 365, 3*h = 3*d - 156. Let w = -697 - -829. Let m = w - d. List the prime factors of m.
2, 3, 7
Let c = -87 - -52. Let v = 88 + c. Let t = 70 + v. What are the prime factors of t?
3, 41
Let n = -40465 - -85493. What are the prime factors of n?
2, 11257
Suppose 0 = 5*c + 2*h + 867 - 5816, 2*c = 3*h + 1991. List the prime factors of c.
991
Let x(b) = b**3 + 28*b**2 + 52*b - 12. Let k be x(-26). Let m(c) = -112*c - 5. What are the prime factors of m(k)?
13, 103
Let a(q) = 50*q**2 - 320*q + 6457. List the prime factors of a(19).
18427
Let s(m) = 119*m**2 - 118*m - 31. What are the prime factors of s(-17)?
2, 3, 11, 19, 29
Let w be (-1)/(2*(-5)/30). Suppose 11*a + 5*p = 10*a + 1063, 5*a + w*p = 5249. What are the prime factors of a?
2, 131
Suppose -4*i = 2*o - 50376, 74*i = 78*i - 5*o - 50334. List the prime factors of i.
3, 1399
Suppose 34*f + 568176 = 58*f. What are the prime factors of f?
2, 7, 19, 89
Let h = 8073 - -894. What are the prime factors of h?
3, 7, 61
Suppose -703*l + 731*l = 171360. List the prime factors of l.
2, 3, 5, 17
Let x = 38201 - 19302. What are the prime factors of x?
18899
Suppose 0 = 5*p - 2*m - 3596, -3*p + 2154 = -m - 2*m. Let t = p + -227. What are the prime factors of t?
17, 29
List the prime factors of (99/15)/(((-4)/18030)/((-8)/6)).
2, 3, 11, 601
Suppose -q + 13668 = 4*h, 0 = -2*q - 83*h + 80*h + 27316. What are the prime factors of q?
2, 3413
Let k = 6282 - -46550. Suppose 16*i - k = -10*i. List the prime factors of i.
2, 127
Let u = 138 - 44. Let t = u + 314. List the prime factors of t.
2, 3, 17
Let w be (-6 - 88/12)*-12. Let q = 212 + w. List the prime factors of q.
2, 3, 31
Let l be (-9)/(-3)*24/9. Suppose l*i = 7*i + 4. Suppose 2*y = -i*m + 1004, -y - 4*y = 4*m - 998. List the prime factors of m.
2, 3, 7
Suppose -25*t + 126 = -11*t. Suppose t*b = 12*b - 87. What are the prime factors of b?
29
Let s(t) = -t + 18. Let x be s(6). Suppose 2 = 7*f - x. Suppose -5*z + 3*z = 3*a - 132, 4*z + f*a - 248 = 0. List the prime factors of z.
2, 3, 5
List the prime factors of 3/(-11) + 10874159/319.
2, 4261
Let t(j) = j. Let x(h) = -2*h - 26. Let q(k) = -3*t(k) + x(k). Let y be -6 - (-8)/(-8)*(-1 - -2). What are the prime factors of q(y)?
3
Let y(x) = -x**2 + 5*x + 19. Let p be y(7). Suppose p*t = 4255 - 1615. What are the prime factors of t?
2, 3, 11
Suppose 808969 = 20*c + 201469. What are the prime factors of c?
3, 5
Suppose 0 = -m - 4, -2*c - 994 = 3*c + m. Let v = c - -421. List the prime factors of v.
223
What are the prime factors of (70758/8 - -2) + (-5)/(140/21)?
2, 4423
Let p(z) = -226*z - 260. Let i = -378 + 370. What are the prime factors of p(i)?
2, 3, 43
What are the prime factors of -21 - 187544/(-84) - (-2)/(-3)?
3, 11, 67
Let i be 5 + 9/(-27)*3. What are the prime factors of (-5 + i)/(-1) - -87 - -1?
89
Let g = -33303 - -47425. List the prime factors of g.
2, 23, 307
Suppose 0 = 18*w - 183343 - 46697. List the prime factors of w.
2, 3, 5, 71
What are the prime factors of 33/(-12) - ((-255974521)/(-92))/(-41)?
11, 31, 199
L